 22 + 0.
43
Evaluate (-62 - (-11 + -58) - 3) + (-2 - (1 + 70)).
-69
What is (1342 - 1361) + (-1 - 79)?
-99
What is 2 - 32 - (10 + -1 + (348 - 361))?
-26
What is -92 - -149 - (29 - -17)?
11
What is 47 - (-2 - -4) - (-2 + 0 + 13 + 2)?
32
What is (806 - 777 - (12 + 0)) + -72?
-55
What is the value of -84 + (-47 - -154) + (-10 - 1)?
12
What is (15522 - 15549) + -24 + 1 + -1?
-51
Calculate -144 + 36 + 18 + -24 - -24.
-90
What is the value of 9 - (1 - ((59 + -46 - (2 + 1)) + -3))?
15
What is 847 - 721 - (-2 + -2 + (16 - 6) + -14)?
134
What is the value of -10 + 22 + (0 - -18 - (-3 - 8))?
41
-278 + 279 - (-3 - -6)
-2
What is 101 + -82 + 71 - 1?
89
Evaluate -5 - 31 - (-16 - (14 + -20 + -4)).
-30
(-3 - -62) + 1283 + -1289
53
43 + (-35 - 51) + 125 - 33
49
What is the value of -9 + 1 + 1 + (39 - (10 + (-111 - -43)))?
90
(7 - 3) + (31 - (90 - -13))
-68
-42 + 69 + 55 + -4
78
What is (-1 - 57 - 5) + -3 + (-2 - -17)?
-51
What is the value of 1164 - 1181 - (-2 - -120)?
-135
What is the value of -71 + -1 + (2132 - 2029)?
31
What is the value of (-3 - -6) + 6 - (-1 + -14 + 307 + -292)?
9
(-2985 - -2974) + (1 - -44)
34
What is (-25 + (14 - -3) + -13 - -18) + 135?
132
What is 110 + 1 + -28 + (-191 - -189)?
81
Evaluate -14 + -4 + 3 + 3 + 115 + -153.
-50
-8 + (-45 - -42) + -14
-25
What is the value of (-18 - (-44 - -73)) + 131?
84
Evaluate (-5 - -139) + (2 + 4 - (-10 + 8)) + -13.
129
What is the value of -66 - (-12 - 10 - -22 - -12) - (-4 + -1)?
-73
What is (-1 - -25) + -41 + 41?
24
-533 + 517 + (0 - (0 + 10)) + -8
-34
What is the value of -19 - (52 - 54) - -29?
12
What is -176 + 110 - (1 + (-5 - -8) - (-3 - -5))?
-68
Evaluate (-13 - -56) + -89 + 60.
14
Calculate (9 - 27 - -9) + -5 - (-33 + 2 + -28).
45
Calculate (4 + -12 - 10) + 7 - (27 + -4).
-34
Calculate 0 + 0 - -28 - (2 + 21 + (-69 - -48)).
26
Evaluate (59 - 50) + (-56 - (-32 - -27)).
-42
What is (-47 - ((9 - 19) + -8)) + -2?
-31
-4 + 7 + -11 + 11 + (1 - -3) + -9
-2
-44 - (11 + -11 + (0 - 7) + 22 + -6)
-53
What is the value of (40 - -5 - 6) + -8 + -3 + 32 + -34?
26
What is -5 - (39 - 48) - -16?
20
What is the value of 1 + 9 + (13 - -1)?
24
Evaluate 10 - 2 - (-305 - -346 - (-2 - -97)).
62
What is the value of 0 + -1 - 16 - (-13668 - -13633)?
18
99 + -17 + (-8 - -18 - 4) - -11
99
What is the value of 150 - (145 + -89) - 13?
81
Calculate (-26 - (-36 - -12)) + (-1 - -8) - (-14 + 0).
19
What is the value of 22 + 40 + -152 + 198?
108
Evaluate -35 + 18 - -35 - 21.
-3
What is the value of 13 + (95 - (25 + -26 + 19))?
90
Evaluate 66 - (36 + -2) - (0 + (-9 - -3)).
38
Evaluate 13 - (93 + (-87 - -25)).
-18
Evaluate (-9 - 0) + 2 + -1 + -66 + (-22 - -56).
-40
What is the value of (-8 + -9 + 13 - 5) + (-16 + -4 - -92)?
63
What is 0 - (-97 + (6 - -32))?
59
Evaluate 149 + -144 + -1 + 7 + -32 + -9.
-30
Calculate 32 - (-59 + 107) - 34.
-50
Evaluate (4 - 4 - -7 - -42) + (7 + -23 - -12).
45
What is (0 - -8) + 3 - (27 - 18) - 45?
-43
What is the value of -24 - ((-10 - -6) + (19 - 14) - 1)?
-24
(-10 - (-38 - -2)) + 128 + -108
46
What is the value of (18 - (8 + -7 - 13)) + 25?
55
What is the value of (0 - (-13 - -8)) + 6 + 7 + (25 - 1)?
42
What is 559 - 656 - (-3 - (-7 + 17))?
-84
What is the value of 5 + 5 - -32 - -6 - (15 + -1)?
34
Calculate (-110 - -138 - 27) + (52 - -1).
54
23 + -11 + -51 + 93
54
What is the value of -9 + 5 + -2 - ((-43 - 29) + 0)?
66
What is -11 + 6 + -9 + (-19 - (6 + -8))?
-31
What is the value of 12 + (3 + 1 + -15 + 1 - 6) + -11?
-15
What is the value of -1 + (-1 - -91) - (53 - -49 - 91)?
78
Calculate 6 - 0 - (38 + -60 + -14 - -58).
-16
What is 153 + 0 - (-3692 - -3783)?
62
Evaluate -20 + 4 + -1 - ((-40 - -23) + 1).
-1
Calculate 90 + -50 - -28 - 32.
36
Evaluate -2 + -4 + 163 + -190.
-33
What is -20 + (74 + -50 - 32) + (2 + 0 - 1)?
-27
What is the value of -412 + 471 - (-7 - -97)?
-31
What is the value of 68 - (11 - 15 - (29 + -2))?
99
Evaluate -146 - -145 - (-28 + 1 + 0 - 1).
27
Evaluate -5 + 3 + 2 + -1 + -26 + (12 - 0).
-15
Evaluate (-98 - -79) + 6 + (-10 - -19) - 13.
-17
Evaluate 10 + 1 - (21 - (-2 - -16)) - 10 - -28.
22
What is the value of (-20 + -38 - -30) + (11 - 1)?
-18
Calculate -27 + (3 + -14 - -6).
-32
Evaluate (-85 - (-12 + -46)) + 14.
-13
40 + 2 - ((29 - -10 - 24) + -16)
43
Evaluate 41 - (-14 + (-9 - (5 + 1 + -36))).
34
What is the value of -2 - ((-1 + 2 - -1) + (1256 - 1258))?
-2
What is -26022 - -26048 - (2 - (-2 + -93))?
-71
What is -7 + 0 + (1 - 4) - (-38 + (-12 - -5))?
35
Calculate 204 + -186 - (0 + -5 - -10 - 5).
18
What is the value of 2 + 4 + (29 + -148 - -131)?
18
What is the value of 0 + 3 + (-30 - (13 - 4 - 30)) + -69?
-75
Evaluate -14 + (-3 + -2 - -17) + 138 + -138.
-2
Calculate 2 + 13 + (123 - 54 - 42).
42
Evaluate (-1 - 19 - (-19 + 30 + -48)) + -110.
-93
What is the value of (1 - -38) + 11 + (-24 - -9) - 5?
30
What is the value of 59 + -46 + (23 - 1)?
35
(-43 - -46 - 8) + -82
-87
Calculate (6 - (11 - -1)) + 1 + 14 - (-41 + 26).
24
What is 0 - ((-68 - -79) + 35)?
-46
Calculate (5 - -1 - 2) + (23 - 3 - 3) + -79.
-58
What is (99 - 98 - (-3 + -3 - 2)) + 8 - -1?
18
Calculate 6 - (16 - (-6 + 16)) - (23 + -1).
-22
Evaluate -58 + (-38 - -3 - -85).
-8
-236 - -226 - (3 + 10 + (-5 - -8))
-26
What is the value of (-10 + 8 - 6) + (6 - -85) + -64 + 42?
61
152 + -127 - (56 - -21)
-52
Evaluate 10 - -30 - (127 - 31) - (-13 - 3).
-40
What is the value of -26 + -75 + 137 - -32?
68
What is -15 + (14 - 12) + (5 - (10 - -21))?
-39
-4 + -1 + (13 - (13 - 1) - 18)
-22
What is the value of 50 - (38 - (32 - 61))?
-17
What is the value of 12 + 22 + -3 + -22 - -19?
28
What is -37 + (-29 + (-80 - -40) - -5)?
-101
What is 16 + -3 - (2 - -18 - (86 - 76))?
3
Evaluate (121 + -43 - 13) + 2 + -23.
44
Evaluate (-2 + 28 + -1 - (728 + -659)) + -1 + 0.
-45
Calculate 65 + 2 - (0 + (11 - 0) + -4).
60
Evaluate (-27 - 41 - -87) + -12 + (3 - 1 - -1).
10
What is the value of (2 - 6) + (15 + -1 - (-29 - (-6 - -23)))?
56
(-1 - 3) + -4 - (25 + -11 + -14)
-8
Calculate (18 - (-2 - -1)) + (-2362 - -2358).
15
(-108 - -30 - -17) + (5 - (-2 - 0))
-54
(0 - 23 - 1) + (162 + -80 - 191)
-133
What is the value of (-9 - -2 - 0) + (-748 - -766)?
11
-77 + -38 - (-12 - -24 - 40)
-87
Evaluate (-476 - -560) + (0 - 38) - (-11 - (1 - 0)).
58
What is the value of -1 + 5 - 3 - (-302 + 293) - -82?
92
What is the value of -113 + 77 + 102 - (1 + 5 + 1)?
59
What is the value of -16 - (-63 + 142 + -72 + (1 - 3))?
-21
What is 934 + -967 - (1 - 90)?
56
Calculate (2 - (7 + (19 + 7 + -17 - 18))) + 29.
33
Calculate 42 - ((-102 - 63) + 255).
-48
97 + 1 - (47 + -28 + -26)
105
What is -1 - (-32 + 39 - (-1 + 9 + 42))?
42
What is (-3 - -12) + (121 - (26 - (-41 - -46)))?
109
What is the value of 8 - (6 - 32 - (-21 - 67))?
-54
20 - (-53 - (-100 - -46))
19
(5 - (-2 + -1 + (72 - 70)) - -47) + 13
66
0 - 30 - (166 + -215) - (-5 + 0 + -2)
26
What is the value of -49 - (3 - (31 + 19))?
-2
23 + 23 - (28 - -4)
14
Evaluate 1495 + -1571 - (-2 - (-1 - -20)).
-55
Calculate -243 + 152 + -3 + 45.
-49
Evaluate 61 + (-7 - 37) - 26.
-9
What is (-2 - -3) + 8 + (5957 - 5917)?
49
What is 707 - 808 - (-5 + -107)?
11
9 + (79 + -53 - 71)
-36
(-1 - 3) + (11 - (63 + -93))
37
Calculate 4 + -37 + (6 - 5 - (29 - 21)).
-40
(2 - -37) + (-104 - -88) + -8
15
What is -4 + -1 + -16 + (-23 - -42) - (7 + -1)?
-8
What is 497 + -475 - (22 + 5 + 0)?
-5
Evaluate (-4 - 3) + 16 - (1 + 2 + 36).
-30
Calculate (114 - 1) + 2883 + -3098.
-102
Calculate -75 + -58 + 80 + 42.
-11
What is the value of -62 + 27 - (-14 - -9)?
-30
Calculate 29 - (-3 - (-4 - (-1 - 1)) - (59 + -49)).
40
Calculate 4 - (12 + 1 - 4 - -58).
-63
What is the value of -29 - ((64 - 90) + (-92 - -15))?
74
163 + -113 - ((-7 - -2 - -6) + 0 + 1)
48
What is (4 - 0) + ((-19 - -91) + -19 - (46 - 51))?
62
What is the value of -25 - (-14 + (-1 - -14) - 1)?
-23
What is the value of (87 - (5 + 8)) + 6 + -32?
48
Calculate 11 + -1 - (179 - 172) - -6.
9
38 + 59 + -53 - 130
-86
What is the value of (3766 - 3715) + (-92 - 3)?
-44
9 + 147 + 1398 + -1499
55
36 + (30 + 0 + -13 - (2 - -9))
42
Calculate 131 - (-184 - -289) - (-5 - -2 - 5).
34
Calculate 52 + 24 + -25 - 72.
-21
What is the value of (-54 - -86) + 15 - 8?
39
Evaluate -13 + (1 - 2 - (-231 + 211)).
6
Evaluate -43 - ((9 - 77) + -66).
91
Evaluate (38 - 69 - 2) + 4.
-29
16 - (9 + 1 + -17 + 21)
2
-35 - (3 + 